- 5*t - 5*a = -76, -3*t + 241 = 2*a. Suppose 5*b = -1 + t. Let h = -8 + b. What are the prime factors of h?
2
Suppose 4*q - 8 + 3 = 5*o, 2*o + 2 = -4*q. Suppose 3*v + 0*v = -3*b + 15, 3*b + 4*v - 16 = 0. Suppose -s + 3 + b = q. List the prime factors of s.
7
Suppose -2*o = -10 - 2. Let h be (2/(-3))/(2/o). List the prime factors of (-1)/(-2)*(h - -26).
2, 3
Suppose 5*x = -k + 20, 0*k + 4*x = k - 47. Let j = -20 + k. List the prime factors of j.
3, 5
Suppose -496 = b - 17*b. List the prime factors of b.
31
Let l = 41 + -19. Let m be (1*2)/((-2)/(-10)). Let d = l - m. List the prime factors of d.
2, 3
Let u be ((-6)/8)/((-2)/8). Suppose 11 = 4*o - l, u*o - 5*l - 7 = -o. Suppose -f - 3*f - 5*g + 7 = 0, f - o*g = 6. What are the prime factors of f?
3
Let y be -3 - -1 - (-50 - 11). Let b = y - 32. List the prime factors of b.
3
Let l = -73 + 126. Suppose 2*j + 10 = 0, -4*j = -4*i + j + l. List the prime factors of i.
7
Let k be 74 + (12/(-4) - -4). Suppose -p + k = 4*p. What are the prime factors of p?
3, 5
Suppose 0 = 6*f - f - 15. Suppose -f*n + 119 = -p, -5*n + 3*p = -230 + 25. List the prime factors of n.
2, 19
Let t = -14 - -10. What are the prime factors of 30/t*(-12)/15?
2, 3
Suppose 2*k = -2*k + 8. Let a = 4 - k. What are the prime factors of a?
2
Let g(a) = -a + 11. Let r be g(11). List the prime factors of 18/6 - (r + 1).
2
Let p = 111 - 79. List the prime factors of p.
2
Suppose 111 - 4 = f. List the prime factors of f.
107
Let m be (-28)/8 + (-6)/(-4). Let d(i) = -4*i**3 - i**2 - 4*i - 3. What are the prime factors of d(m)?
3, 11
Suppose -q - 27 = -4*q. List the prime factors of q.
3
Suppose 3*n + 5*m = -93 + 2, -5*n - m - 159 = 0. Suppose 3*i + 97 - 33 = -4*j, -3*i - j - 61 = 0. What are the prime factors of n/i*(-10)/(-4)?
2
Suppose -126 = -4*n + 130. Suppose 2*o - n = -2*c - 3*c, c - 6 = 3*o. List the prime factors of c.
2, 3
Let z(d) = 12*d + 8. What are the prime factors of z(3)?
2, 11
What are the prime factors of 276 + -2 + 18/(-9)?
2, 17
Suppose -4*o - 2 = 2. Let w = o + 4. List the prime factors of w.
3
Let h = -4 - -4. Suppose -4*z - r + 142 = h, -5*z + 4*r = 8*r - 183. What are the prime factors of z?
5, 7
Suppose -2061 = -5*o - 3*v, 0*o + 423 = o - 3*v. What are the prime factors of o?
2, 3, 23
Let y(i) = 3*i**2 - 3*i - 13. What are the prime factors of y(7)?
113
Let l(d) = 20*d**2 - 4*d - 5. List the prime factors of l(-2).
83
Suppose -s + 3*s - 4 = 0, s + 24 = 2*j. List the prime factors of j.
13
Let o = 12 - 22. Let u = 16 + o. List the prime factors of u.
2, 3
Let g = -1 - -18. What are the prime factors of g?
17
Let m(n) be the second derivative of -n**3/3 - n**2 - n. What are the prime factors of m(-5)?
2
Suppose -5*t - x = -194, 6*x - 50 = -t + 3*x. What are the prime factors of t?
2, 19
Let b(c) = c**3 - 8*c**2 + 6*c + 10. Let i be b(7). Suppose 54 = i*a - 39. What are the prime factors of a?
31
Suppose -6 = 4*l - 2*l. List the prime factors of 43 + 2 - l - 1.
47
Let c = 363 - 150. What are the prime factors of c?
3, 71
Suppose 4*p - 8 = 12. Suppose 0*f - f + p*k - 22 = 0, -29 = 5*f + 2*k. Let v = f + 9. List the prime factors of v.
2
Let o(n) = 38*n - 16. List the prime factors of o(2).
2, 3, 5
What are the prime factors of 2*((-327)/(-6) - 3)?
103
Suppose 2 = -2*a + 12. What are the prime factors of a?
5
Suppose j - 5 = 13. What are the prime factors of j?
2, 3
Let k(o) = -o**3 + 11*o**2 - 14*o + 5. Let p be 10 + (4 + -4 - 1). List the prime factors of k(p).
41
Suppose 22 = 3*t + 2*h - 20, -4*t = 4*h - 60. Suppose 6*i - 2*i = t. List the prime factors of i.
3
Let c(r) = -r**2 + 4*r + 11. Let p be c(5). Suppose -4*u = -2*u - p. List the prime factors of u.
3
Suppose 0 = -7*k + 4*k + 15. What are the prime factors of -4 - (3 - k) - -29?
3
What are the prime factors of (-3)/(-18) - 514/(-12)?
43
Let q = 230 + -163. What are the prime factors of q?
67
Suppose 0 = 3*y - y - 4. Let h(x) = 3*x - 21. Let d(v) = v - 5. Let r(q) = y*h(q) - 9*d(q). List the prime factors of r(-3).
2, 3
Let x(p) = -58*p - 3. List the prime factors of x(-1).
5, 11
Suppose 3*f = -f + 236. What are the prime factors of f?
59
Suppose 4*s = -15 - 1. Suppose -y + 3 = 5*c + 19, 61 = -3*y - 2*c. What are the prime factors of s/14 - 237/y?
11
Let b(l) = -5*l - 4. Let x be b(4). Let w(y) = -y**3 - 6*y**2 + 4*y + 12. Let j be w(-6). Let g = j - x. List the prime factors of g.
2, 3
Let p(f) = -5*f + 14. Let h be p(6). Let y = -8 - h. List the prime factors of y.
2
Suppose -40 = 3*p - p. Suppose 4*k + 16 = 2*k. Let y = k - p. List the prime factors of y.
2, 3
Let z = -18 - 3. Let h = z - -30. List the prime factors of h.
3
Let x(l) = -l**2 + 2*l - 2*l - 8*l. List the prime factors of x(-6).
2, 3
Let q be ((-2)/2)/((-5)/25). Suppose -3*l + q*w + 22 = -5, l + 8 = -4*w. Suppose -3*u + l*d = -u - 42, 3*u - 19 = -5*d. What are the prime factors of u?
13
Let b(r) = 48*r**2 - r + 1. List the prime factors of b(1).
2, 3
Let h(y) = 38*y**3 - 2*y - 1. Let b be h(-1). Let g = b + 52. List the prime factors of g.
3, 5
Let r(q) = q**3 + q**2 - 5*q - 9. List the prime factors of r(4).
3, 17
Suppose 3*o + 3*j + 61 = 5*o, 3*o - 4*j = 92. List the prime factors of o.
2
Suppose d + 4*d = -3*o + 2, 0 = -3*d - 15. What are the prime factors of o?
3
Let s(n) be the second derivative of 3*n + 0 - 1/3*n**3 - 3/2*n**2. List the prime factors of s(-5).
7
Suppose 0 = -3*q + 9, -2*x - 3*x - 3*q + 164 = 0. Suppose l - 4 = -d, -5*l + l + x = -d. What are the prime factors of l?
7
Let i(t) = -3*t - 10. Suppose -b - 2*b = 21. List the prime factors of i(b).
11
Let p = 16 - -254. List the prime factors of p.
2, 3, 5
Let s = 14 + -9. Suppose w - 8 = -w, s*n = -5*w + 70. Suppose 21 = 4*y - 3*p, -2*y - p + n = -3*p. List the prime factors of y.
2, 3
Suppose -134 + 8 = -3*n. List the prime factors of n.
2, 3, 7
Suppose 0 = -2*g + 7 + 33. Suppose 0 = -2*m - 0*t + t + g, 4*m - 5*t = 28. What are the prime factors of m?
2, 3
Let s = -404 - -596. What are the prime factors of s?
2, 3
Suppose 56 = z + t, -z = -0*z - 5*t - 44. What are the prime factors of z?
2, 3
Suppose -n + 5*i = 2*i - 50, 0 = -n - 3*i + 62. What are the prime factors of n?
2, 7
Suppose -2*c + 18 = 4*t, -t + 2*c + 7 = -0*t. Suppose 18 = l - 2*j, t = -l + j + 19. List the prime factors of l.
2, 5
Suppose -9*w + 754 = -416. What are the prime factors of w?
2, 5, 13
Let n be 7 + 12/(-4) + -9. What are the prime factors of ((-14)/5)/(n/50)?
2, 7
Let i = -10 - -15. Suppose i*y = 6 + 164. What are the prime factors of y?
2, 17
Let r = -92 + 221. List the prime factors of r.
3, 43
What are the prime factors of (-1)/((5/(-650))/(2/4))?
5, 13
Let m(k) = -k**2 - 14*k + 10. What are the prime factors of m(-7)?
59
Let z(i) = -i**3 - 9*i**2 - 9*i - 4. Let v be z(-8). Suppose v*c - 16 = -4*p, 4*p + 5*c = 25 - 7. Suppose p*f = -3*f + 35. List the prime factors of f.
7
Let p be (-30)/35*1*7. List the prime factors of 16/p*3/(-2).
2
Let s(b) = -8*b - 1. Let z be (-1)/(((-4)/3)/(-4)). Let g be s(z). Suppose 0 = -2*i + i - 5*v - 19, 0 = -3*i + v + g. What are the prime factors of i?
2, 3
Let p(w) = w**2 - 5*w - 1. Let r be p(6). Suppose 0 = 2*l - 15 - r. What are the prime factors of l?
2, 5
Let g(z) = -2*z + 11. Let s(v) = v - 5. Let c(d) = 4*g(d) + 9*s(d). Let j be c(3). Suppose 2*x + 0*h = h + 6, -5*x + 6 = j*h. List the prime factors of x.
2
Suppose 4*i + 3 = -1. List the prime factors of (40/4)/(i/(-2)).
2, 5
Suppose 0 = 5*w - 117 - 163. Suppose 3*i = -i + w. List the prime factors of i.
2, 7
Suppose -y + 10 - 3 = 0. List the prime factors of y.
7
Suppose -j + 41 = 5*k - 185, 3*j = 5*k - 222. List the prime factors of k.
3, 5
Let p(c) = 2*c**3 - c**2 + 3*c - 3. Let l be p(2). Let m be ((-10)/l)/(1/3). What are the prime factors of (1 - (-11)/m)*-2?
3
Let a be (8 + 27)/((-1)/(-1)). Suppose 3*w + 4 = -s, -s + 3*w = -a + 9. List the prime factors of s.
11
Let i(z) = 2*z**2 - z - 4. Let f = -10 + 4. Let l be 1 - 6*f/(-9). List the prime factors of i(l).
17
Suppose -225 = -5*u + 25. List the prime factors of u.
2, 5
Suppose -i + 115 = -6*i. Suppose 2*c + 105 = -0*f + 3*f, 5*f + 3*c - 156 = 0. Let p = f + i. What are the prime factors of p?
2, 5
Let k(s) = -2*s**2 + 7*s. Let v be k(5). What are the prime factors of 10/v*(-2 + -22)?
2
Let m be